alse
Let k(o) be the second derivative of -o**3/6 - 2*o**2 - o. Let m be k(-8). Is (14/m)/(5/10) composite?
False
Let x(i) be the third derivative of i**6/12 + i**4/12 - i**3/6 - i**2. Is x(1) prime?
True
Suppose -4*k - 20 = 0, -996 = 4*x + 3*k + 215. Let j = x + 444. Is j a composite number?
True
Let o be -3*(-20)/12 + -1. Suppose 0 = -3*d, 2*g - 57 = -g - o*d. Is g composite?
False
Suppose 4*g = -v + 833, -v = -3*v - 6. Is g composite?
True
Let i be (5 - 7)/(1/(-4)). Let g = i - 2. Is (62/(-4))/((-3)/g) a prime number?
True
Suppose 3*r - 15 = 105. Suppose 0 = 3*s - 16 - 29. Suppose u = r + s. Is u a prime number?
False
Suppose 3*m + 3 - 12 = 0. Suppose 0 = 2*n - 4*p - 154, m*n - 276 = p - 70. Suppose -i + 2*i - n = 0. Is i prime?
True
Let i = -10 - -14. Is -14*i/32*-4 prime?
True
Let i(l) = l**3 - 9*l**2 + 10*l - 6. Let m be i(8). Suppose m = 2*c - 5*v - 16, 0 = -3*c - 2*v + 77. Is c a prime number?
True
Let m = 4993 - 3432. Is m a composite number?
True
Suppose -9 - 7 = -4*g. Is 0 - (54/(-2) - g) a composite number?
False
Let c = 465 - 716. Is (c + 2)/(-3) + -1 a composite number?
True
Let x = 248 - -171. Is x prime?
True
Suppose 0 = -5*f + 3*f + 550. Suppose -p + m + f = 6*m, 8 = 4*m. Is p composite?
True
Suppose 0 = i - 4*i + 3. Is (-3 + -419)*i/(-2) a composite number?
False
Suppose 2 = -5*v - 3*z - 4, -9 = -v - 4*z. Let h be v*(5/3 - -1). Is (-2)/3*444/h a prime number?
True
Let x(f) = f**3 + 6*f**2 - 10*f - 8. Let q be x(-7). Suppose 0*i + q = 5*j + i, -4*j + 5*i = -22. Suppose 4*w - 5*w + 3*d = -90, 2*w = j*d + 177. Is w prime?
False
Let x(a) = a**2 + 3*a - 9. Is x(-8) a prime number?
True
Let s(z) = -2*z**3 + 2*z - 1. Let j be s(-3). Suppose -4*m + 5*m = j. Is m a composite number?
False
Let w(z) = -z**3 - 9*z**2 - 10*z - 12. Let q be w(-8). Suppose -10 + 2 = -q*u. Suppose -2*o + 35 = 3*a, -5*a + 7 = 3*o - u*o. Is o composite?
True
Let y(n) = n**3 - 9*n**2 - 11*n + 10. Let o be (20 - 0)*(-3)/(-6). Let r be y(o). Is -2 + r + 20/4 a prime number?
True
Suppose 3*q = 3*n - 213, -2*n + 296 = 2*n + 2*q. Let d = n + -6. Is d a composite number?
False
Suppose -3*r + h - 19743 = -4*h, r = 2*h - 6582. Is r/(-20) - 2/(-10) a prime number?
False
Let g = -453 + 949. Suppose -5*v + 99 = -g. Is v a composite number?
True
Let h(a) be the second derivative of 0*a**3 + 3*a + 0 + 3/2*a**2 + 1/6*a**4. Is h(5) prime?
True
Suppose 2*s - s = 8. Suppose n - s = 81. Is n a composite number?
False
Suppose -2*b + 1987 - 641 = 0. Is b a composite number?
False
Let f = 1 + 2. Suppose 0*a - 32 = -2*a - 3*w, a - 4*w = 16. Suppose f*j + n + a = 6*j, 2*j = 2*n + 4. Is j a composite number?
False
Let j be (-2 + -38 - -1)*-2. Suppose 4*b + 53 + 46 = -3*i, b + 148 = -5*i. Let g = j + i. Is g prime?
False
Suppose 812 = 4*w - 5*o, -w - 4*o + 122 = -81. Is w composite?
True
Suppose -f = -5*w - 686, w + 0*w - 704 = -f. Is f a prime number?
True
Let v(l) = 7*l**2 - l + 2. Let m(w) = -w**2 - 1. Let f(a) = 4*m(a) + v(a). Let c be f(5). Let q = c + -13. Is q prime?
False
Let j(q) = 19*q + 1. Is j(14) a composite number?
True
Let v be (-1)/(-6) - (-5180)/24. Let f = -133 + v. Is f composite?
False
Let c = 941 - -285. Is c a composite number?
True
Let d(w) = 11 + 0 + 4*w + 2*w. Is d(11) a prime number?
False
Suppose -288 = -3*x - 39. Is x a prime number?
True
Let h = -3 - -6. Suppose 6*c - h*c = 609. Is c prime?
False
Suppose -c + 2 = -3*c. Let g = -156 - -248. Is g + (9/3)/c a composite number?
False
Let f = 125 - 209. Suppose 2*h - x = h - 47, 0 = -3*x. Let o = h - f. Is o a composite number?
False
Let f = 363 - 174. Is (-4)/(-10) - f/(-15) prime?
True
Suppose -3*r + 340 = -155. Let a = 314 - r. Is a prime?
True
Let n = 479 - 274. Is n prime?
False
Let v(g) = g + 7. Let t be v(-5). Suppose -4*b = -4*y - 3*b + 225, -4*y + t*b = -230. Is y a composite number?
True
Let y(q) = -74*q - 1. Let v be y(4). Is 2 + -1 - (v + 3) prime?
False
Let n(z) = z**3 + 4*z**2 + z + 5. Let u be n(-4). Let c = 13 + u. Is c composite?
True
Suppose -2*u = 5*x - 0*x - 23, u = -1. Is 792/x + (-30)/(-50) prime?
False
Suppose 3*d + 3*n = -0*d + 114, 76 = 2*d + 3*n. Let g = -23 + d. Let l = -11 + g. Is l a prime number?
False
Let x = 1 - -2. Suppose -x*r - 2*u = r - 8, -5*r - 8 = -2*u. Suppose r = 5*y - 671 - 794. Is y a composite number?
False
Suppose -25*b = -26*b + 1679. Is b a composite number?
True
Let q = 3 + -13. Let b = 24 + q. Is b a composite number?
True
Suppose -5*l = 3*a - 2788, 5382 - 1678 = 4*a + 4*l. Is a composite?
True
Let g = 0 - -38. Let d = 54 + -10. Suppose -d = -j + g. Is j composite?
True
Let w(x) = x**3 - x**2 + x - 3. Let m be w(0). Is m + 3/((-6)/(-44)) a composite number?
False
Suppose 4*r = -2*f - 12, 2*f - 4*r + r = 9. Suppose -2*y + f*a + 448 = a, -4*y + 900 = 4*a. Is y composite?
False
Suppose 2*f = 8*f - 5034. Is f prime?
True
Suppose -7*n + 959 = -j - 2*n, 3*n = 3. Let r = -398 - j. Suppose -r = -5*k + 2*h - 107, -2*h - 176 = -2*k. Is k a prime number?
False
Suppose -3*d = -3*a + d + 2235, 0 = 2*d. Is a prime?
False
Let n(r) = r**3 + 6*r**2 + 6*r + 6. Let z be n(-5). Suppose 1 + 1 = -2*h. Is 166/((h + 3)/z) composite?
False
Suppose 35 = 2*f + 3*l, -4*f + 52 = 3*l - 27. Is 406/6 + f/(-33) composite?
False
Let z = 23 - 32. Let p be (-6)/z - 10/(-3). Suppose 180 = p*k - 40. Is k prime?
False
Let b = -21 - 7. Let f = 15 + b. Let u = 64 - f. Is u composite?
True
Let t(i) = i - 11. Let k be t(0). Let r be -2 - k*2*-2. Let q = r + 95. Is q prime?
False
Is 178/8*24/6 a composite number?
False
Suppose -57163 = -5*x + 4342. Is x a prime number?
True
Let w = -41 - -118. Is w a composite number?
True
Let s be ((-6)/4)/((-3)/(-12)). Let z(d) = d - 1. Let l(q) = 9*q - 2. Let g(x) = -l(x) + 6*z(x). Is g(s) prime?
False
Let c = 494 + 141. Is c composite?
True
Let q = -54 + 95. Let l = q + -4. Is l composite?
False
Let k = 128 + 22. Suppose k = 5*q - 295. Is q a composite number?
False
Suppose -888 = -2*a + 706. Is a composite?
False
Let o(b) = 36*b**2 - 3*b + 16. Is o(7) prime?
True
Suppose 3*u + y - 156 = 0, -7*y + 15 = -2*y. Suppose -4*l + 106 = 2*p, p - u = 2*l + 14. Is p a composite number?
False
Let p(o) = -140*o - 9. Is p(-5) composite?
False
Let t(b) = 11*b**2 + b + 1. Let v(x) = x**3 - 4*x**2 + 2. Let o be v(4). Is t(o) a prime number?
True
Suppose 2*l = -2*l + 3188. Is l composite?
False
Let y = 578 - 261. Is y a composite number?
False
Let r(p) = 2*p - 263. Let y be r(0). Let n = -114 - y. Is n a prime number?
True
Let k = 365 + 24. Is k prime?
True
Let g(m) = m + 91. Let v = -15 + 15. Is g(v) a prime number?
False
Suppose -w - 2*w = 1206. Suppose 5*z = 2 + 13. Is 1/((-2)/w*z) prime?
True
Let d(l) = 116*l**2 - 6*l - 9. Is d(4) a prime number?
True
Let s(g) be the third derivative of -g**6/120 + g**5/20 + 7*g**4/24 + g**3 + 2*g**2. Let t be s(-4). Suppose -69 - t = -3*m. Is m a prime number?
True
Let u(g) = -39*g. Let q be u(-2). Suppose 21 = -3*l + q. Is l composite?
False
Let v be (-74)/(-8) + 6/(-24). Let i = 17 + v. Is i a prime number?
False
Let a(r) = 263*r**2 - 6*r - 1. Is a(2) prime?
True
Let v be (-3 + 1)/(1/(-3)). Suppose f = 5 + v. Suppose -3 - f = -2*s. Is s a composite number?
False
Suppose -33*n + 37*n - 30860 = 0. Is n composite?
True
Suppose 12*b - 2615 - 27613 = 0. Is b prime?
False
Suppose 3016 = 3*f - 7*a + 6*a, -4*a = 3*f - 3041. Is f a prime number?
False
Suppose -4*y + 5*y = -2798. Let c be y/(-12) + 2/(-12). Suppose -c = -0*j - j. Is j a prime number?
True
Suppose -7 - 3 = -5*c. Suppose -c*v - 56 = -6*v. Is v a prime number?
False
Suppose 0 = -6*a + 4*a + 8. Suppose a*s - 506 = 2*w, -4*s - 5*w + 283 = -2*s. Is s a composite number?
True
Let s be 2/7 + 75/7. Let d = -7 + s. Suppose d*w = 0, -b = -5*b + 2*w + 24. Is b composite?
True
Is (-1)/((-1269)/(-635) - 2) composite?
True
Suppose 4*q - 6101 = -5*y, 2*q - 3053 = y - 6*y. Let a = q + -883. Is a prime?
True
Let h be 3/2*(-8)/2. Let s be -3 - (-3)/(-6)*h. Suppose 3*w - b - 485 = 0, s*w = -w + 2*b + 165. Is w a composite number?
True
Suppose -2*u + 849 = 2*u + 5*y, -3*u + 2*y + 631 = 0. Is u prime?
True
Let z = -235 + 924. Is z a composite number?
True
Suppose -2*r = 2*d, -2*d - r = -2*r - 9. Suppose d*q - 24 = 309. Is q a composite number?
True
Suppose -c + 4*c - f = -1, 3*c - 4*f + 13 = 0. Suppose -4*